{"id":257,"date":"2019-02-20T17:24:57","date_gmt":"2019-02-20T15:24:57","guid":{"rendered":"https:\/\/www.lintuharrastajat.fi\/?page_id=257"},"modified":"2022-01-09T14:20:17","modified_gmt":"2022-01-09T12:20:17","slug":"talvilintulaskennat","status":"publish","type":"page","link":"https:\/\/www.lintuharrastajat.fi\/?page_id=257","title":{"rendered":"Talvilintulaskennat"},"content":{"rendered":"\n<p><a href=\"https:\/\/laji.fi\/project\/MHL.3\/stats?tab=routes&amp;route=MNP.674\" target=\"_blank\" rel=\"noreferrer noopener\">Nivala, keskustan reitin tulokset koottuna vuosittain<\/a><\/p>\n\n\n\n<p>Uusimpia eriteltyn\u00e4:<\/p>\n\n\n\n<p><a rel=\"noreferrer noopener\" href=\"https:\/\/laji.fi\/view?uri=http:%2F%2Ftun.fi%2FJX.1337861\" target=\"_blank\">Nivala, keskusta, talvi 2022<\/a><br><a rel=\"noreferrer noopener\" href=\"https:\/\/laji.fi\/view?uri=http:%2F%2Ftun.fi%2FJX.1325400\" target=\"_blank\">Nivala, keskusta, syksy 2021<\/a><br><a rel=\"noreferrer noopener\" href=\"https:\/\/laji.fi\/view?uri=http:%2F%2Ftun.fi%2FJX.1216910\" target=\"_blank\">Nivala, keskusta, kev\u00e4t 2021<\/a><br><a rel=\"noreferrer noopener\" href=\"https:\/\/laji.fi\/view?uri=http:%2F%2Ftun.fi%2FJX.1201473\" target=\"_blank\">Nivala, keskusta, talvi 2021<\/a><br><a rel=\"noreferrer noopener\" href=\"https:\/\/laji.fi\/view?uri=http:%2F%2Ftun.fi%2FJX.1177168\" target=\"_blank\">Nivala, keskusta, syksy 2020<\/a><br><a rel=\"noreferrer noopener\" href=\"https:\/\/laji.fi\/view?uri=http:%2F%2Ftun.fi%2FJX.1100132\" target=\"_blank\">Nivala, keskusta, talvi 2020<\/a><br><a rel=\"noreferrer noopener\" href=\"https:\/\/laji.fi\/view?uri=http:%2F%2Ftun.fi%2FJX.1048394\" target=\"_blank\">Nivala, keskusta, syksy 2019<\/a><br><a rel=\"noreferrer noopener\" aria-label=\"Nivala, keskusta, kev\u00e4t 2019 (avautuu uudessa v\u00e4lilehdess\u00e4)\" href=\"https:\/\/laji.fi\/view?uri=http:%2F%2Ftun.fi%2FJX.987055\" target=\"_blank\">Nivala, keskusta, kev\u00e4t 2019<\/a><br><a rel=\"noreferrer noopener\" href=\"https:\/\/laji.fi\/view?uri=http:%2F%2Ftun.fi%2FJX.324924\" target=\"_blank\">Nivala, keskusta, talvi 2019<\/a><br><a rel=\"noreferrer noopener\" href=\"https:\/\/laji.fi\/view?uri=http:%2F%2Ftun.fi%2FJX.140696\" target=\"_blank\">Nivala, keskusta, syksy 2018<\/a><br><a rel=\"noreferrer noopener\" href=\"https:\/\/laji.fi\/view?uri=http:%2F%2Ftun.fi%2FJX.324924\" target=\"_blank\">Nivala, keskusta, talvi 2018<\/a> <br><a rel=\"noreferrer noopener\" aria-label=\"Nivala, keskusta, kev\u00e4t 2018 (avautuu uudessa v\u00e4lilehdess\u00e4)\" href=\"https:\/\/laji.fi\/view?uri=http:%2F%2Ftun.fi%2FKE.8_1221908\" target=\"_blank\">Nivala, keskusta, kev\u00e4t 2018<\/a><\/p>\n\n\n\n<p><a href=\"https:\/\/laji.fi\/project\/MHL.3\/stats?tab=routes&amp;route=MNP.673\" target=\"_blank\" rel=\"noreferrer noopener\">Nivala, Niskakankaan reitin tulokset koottuna vuosittain<\/a><\/p>\n\n\n\n<p>Uusimpia eriteltyn\u00e4:<\/p>\n\n\n\n<p><a rel=\"noreferrer noopener\" href=\"https:\/\/laji.fi\/view?uri=http:%2F%2Ftun.fi%2FJX.1338884\" target=\"_blank\">Nivala, Niskakangas, talvi 2022<\/a><br><a rel=\"noreferrer noopener\" href=\"https:\/\/laji.fi\/view?uri=http:%2F%2Ftun.fi%2FJX.1324392\" target=\"_blank\">Nivala, Niskakangas, syksy 2021<\/a><br><a rel=\"noreferrer noopener\" href=\"https:\/\/laji.fi\/view?uri=http:%2F%2Ftun.fi%2FJX.1216698\" target=\"_blank\">Nivala, Niskakangas, kev\u00e4t 2021<\/a><br><a rel=\"noreferrer noopener\" href=\"https:\/\/laji.fi\/view?uri=http:%2F%2Ftun.fi%2FJX.1200713\" target=\"_blank\">Nivala, Niskakangas, talvi 2021<\/a><br><a rel=\"noreferrer noopener\" href=\"https:\/\/laji.fi\/view?uri=http:%2F%2Ftun.fi%2FJX.1177173\" target=\"_blank\">Nivala, Niskakangas, syksy 2020<\/a><br><a rel=\"noreferrer noopener\" href=\"https:\/\/laji.fi\/view?uri=http:%2F%2Ftun.fi%2FJX.1100435\" target=\"_blank\">Nivala, Niskakangas, kev\u00e4t 2020<\/a><br><a rel=\"noreferrer noopener\" href=\"https:\/\/laji.fi\/view?uri=http:%2F%2Ftun.fi%2FJX.1055398\" target=\"_blank\">Nivala, Niskakangas, talvi 2020<\/a><br><a rel=\"noreferrer noopener\" href=\"https:\/\/laji.fi\/view?uri=http:%2F%2Ftun.fi%2FJX.1047313\" target=\"_blank\">Nivala, Niskakangas, syksy 2019<\/a><br><a rel=\"noreferrer noopener\" aria-label=\"Nivala, Niskakangas, kev\u00e4t 2019 (avautuu uudessa v\u00e4lilehdess\u00e4)\" href=\"https:\/\/laji.fi\/view?uri=http:%2F%2Ftun.fi%2FJX.987440\" target=\"_blank\">Nivala, Niskakangas, kev\u00e4t 2019<\/a><br><a rel=\"noreferrer noopener\" href=\"https:\/\/laji.fi\/view?uri=http:%2F%2Ftun.fi%2FJX.324783\" target=\"_blank\">Nivala, Niskakangas, talvi 2019<\/a><br><a rel=\"noreferrer noopener\" href=\"https:\/\/laji.fi\/view?uri=http:%2F%2Ftun.fi%2FJX.139844\" target=\"_blank\">Nivala, Niskakangas, syksy 2018<\/a><br><a rel=\"noreferrer noopener\" href=\"https:\/\/laji.fi\/view?uri=http:%2F%2Ftun.fi%2FJX.324783\" target=\"_blank\">Nivala, Niskakangas, talvi 2018<\/a><br><a rel=\"noreferrer noopener\" aria-label=\" (avautuu uudessa v\u00e4lilehdess\u00e4)\" href=\"https:\/\/laji.fi\/view?uri=http:%2F%2Ftun.fi%2FKE.8_1222218\" target=\"_blank\">Nivala, Niskakangas, kev\u00e4t 2018<\/a><\/p>\n\n\n\n<p><a rel=\"noreferrer noopener\" href=\"https:\/\/laji.fi\/project\/MHL.3\/stats?tab=routes&amp;route=MNP.4090\" target=\"_blank\">Ylivieska, Raudaskyl\u00e4n reitin tulokset koottuna vuosittain<\/a><\/p>\n\n\n\n<p><a href=\"https:\/\/laji.fi\/project\/MHL.3\/stats?tab=routes&amp;route=MNP.4096\" target=\"_blank\" rel=\"noreferrer noopener\">Reisj\u00e4rvi, Suonper\u00e4n reitin tulokset koottuna vuosittain<\/a><\/p>\n\n\n\n<p><a href=\"https:\/\/laji.fi\/project\/MHL.3\/stats?tab=routes&amp;route=MNP.3717\" target=\"_blank\" rel=\"noreferrer noopener\">Haapaj\u00e4rvi, <\/a><a href=\"https:\/\/laji.fi\/project\/MHL.3\/stats?tab=routes&amp;route=MNP.3717\">Tiitonrannan reitin tulokset koottuna vuosittain<\/a><\/p>\n\n\n\n<p><a href=\"https:\/\/laji.fi\/project\/MHL.3\/stats?tab=routes&amp;route=MNP.10160\" target=\"_blank\" rel=\"noreferrer noopener\">Kalajoki, Maristonpakat-Letonno<\/a><a href=\"https:\/\/laji.fi\/project\/MHL.3\/stats?tab=routes&amp;route=MNP.4096\" target=\"_blank\" rel=\"noreferrer noopener\">kka -reitin tulokset koottuna<\/a><a href=\"https:\/\/laji.fi\/project\/MHL.3\/stats?tab=routes&amp;route=MNP.10160\" data-type=\"URL\" data-id=\"https:\/\/laji.fi\/project\/MHL.3\/stats?tab=routes&amp;route=MNP.10160\" target=\"_blank\" rel=\"noreferrer noopener\"> vuosittain<\/a><\/p>\n\n\n\n<p><\/p>\n\n\n\n<p><\/p>\n","protected":false},"excerpt":{"rendered":"<p>Nivala, keskustan reitin tulokset koottuna vuosittain Uusimpia eriteltyn\u00e4: Nivala, keskusta, talvi 2022Nivala, keskusta, syksy 2021Nivala, keskusta, kev\u00e4t 2021Nivala, keskusta, talvi &hellip; <\/p>\n","protected":false},"author":2,"featured_media":0,"parent":0,"menu_order":0,"comment_status":"closed","ping_status":"closed","template":"","meta":{"footnotes":""},"class_list":["post-257","page","type-page","status-publish","hentry"],"_links":{"self":[{"href":"https:\/\/www.lintuharrastajat.fi\/index.php?rest_route=\/wp\/v2\/pages\/257","targetHints":{"allow":["GET"]}}],"collection":[{"href":"https:\/\/www.lintuharrastajat.fi\/index.php?rest_route=\/wp\/v2\/pages"}],"about":[{"href":"https:\/\/www.lintuharrastajat.fi\/index.php?rest_route=\/wp\/v2\/types\/page"}],"author":[{"embeddable":true,"href":"https:\/\/www.lintuharrastajat.fi\/index.php?rest_route=\/wp\/v2\/users\/2"}],"replies":[{"embeddable":true,"href":"https:\/\/www.lintuharrastajat.fi\/index.php?rest_route=%2Fwp%2Fv2%2Fcomments&post=257"}],"version-history":[{"count":11,"href":"https:\/\/www.lintuharrastajat.fi\/index.php?rest_route=\/wp\/v2\/pages\/257\/revisions"}],"predecessor-version":[{"id":364,"href":"https:\/\/www.lintuharrastajat.fi\/index.php?rest_route=\/wp\/v2\/pages\/257\/revisions\/364"}],"wp:attachment":[{"href":"https:\/\/www.lintuharrastajat.fi\/index.php?rest_route=%2Fwp%2Fv2%2Fmedia&parent=257"}],"curies":[{"name":"wp","href":"https:\/\/api.w.org\/{rel}","templated":true}]}}